244.
2, 401, 14411
List the prime factors of 2373066450.
2, 3, 5, 1757827
List the prime factors of 1321663959.
3, 7, 11, 19, 587
What are the prime factors of 584696?
2, 7, 53, 197
List the prime factors of 91364897.
13, 7028069
List the prime factors of 989049761.
7, 31, 191, 487
What are the prime factors of 41935464?
2, 3, 17, 34261
What are the prime factors of 143754512?
2, 11, 101, 8087
What are the prime factors of 3487007404?
2, 871751851
What are the prime factors of 48060647?
48060647
List the prime factors of 348762738.
2, 3, 67, 103, 8423
List the prime factors of 43986636.
2, 3, 37, 33023
List the prime factors of 202535238.
2, 3, 67, 503819
What are the prime factors of 712016150?
2, 5, 383, 37181
What are the prime factors of 114252654?
2, 3, 83, 229423
List the prime factors of 3576447018.
2, 3, 643, 309007
List the prime factors of 793894095.
3, 5, 5880697
What are the prime factors of 420491131?
420491131
What are the prime factors of 419807452?
2, 17, 43, 143573
What are the prime factors of 461347669?
53, 359, 24247
List the prime factors of 28307987.
28307987
What are the prime factors of 602186130?
2, 3, 5, 7, 13, 24509
What are the prime factors of 382323758?
2, 191161879
What are the prime factors of 4248979330?
2, 5, 167, 2544299
What are the prime factors of 126505194?
2, 3, 17, 1240247
What are the prime factors of 1254282304?
2, 11, 17, 104803
List the prime factors of 30210021.
3, 263, 12763
List the prime factors of 197238310.
2, 5, 179, 251, 439
List the prime factors of 1031739710.
2, 5, 19, 907, 5987
List the prime factors of 873550284.
2, 3, 72795857
What are the prime factors of 182722859?
11, 769, 21601
What are the prime factors of 2238352198?
2, 131, 8543329
What are the prime factors of 1535727144?
2, 3, 7, 257, 35569
List the prime factors of 31363086.
2, 3, 367, 14243
List the prime factors of 2395202962.
2, 673, 1779497
What are the prime factors of 41063732?
2, 10265933
What are the prime factors of 580394839?
37, 3023, 5189
What are the prime factors of 155143509?
3, 59, 241, 3637
What are the prime factors of 23232525?
3, 5, 101, 3067
List the prime factors of 1453250057.
7, 6803, 30517
List the prime factors of 90522464.
2, 281, 10067
What are the prime factors of 390732034?
2, 7, 11, 101, 25121
List the prime factors of 4265879223.
3, 9337, 152293
What are the prime factors of 4996022637?
3, 197, 631, 13397
List the prime factors of 5567855334.
2, 3, 17, 54586817
What are the prime factors of 56987423?
563, 101221
What are the prime factors of 414476958?
2, 3, 7, 9868499
List the prime factors of 125037609.
3, 41679203
What are the prime factors of 14998771?
19, 29, 163, 167
List the prime factors of 125227641.
3, 7, 11, 542111
List the prime factors of 78708927.
3, 11, 216829
What are the prime factors of 2107213929?
3, 89, 2630729
What are the prime factors of 109367169?
3, 613, 59471
What are the prime factors of 3145755579?
3, 1091, 961123
List the prime factors of 144722985.
3, 5, 11, 877109
List the prime factors of 907770590.
2, 5, 17, 5339827
List the prime factors of 119261306.
2, 97, 614749
What are the prime factors of 695180036?
2, 173795009
List the prime factors of 49743517.
307, 311, 521
What are the prime factors of 11984489?
11, 797, 1367
List the prime factors of 226515008.
2, 3539297
What are the prime factors of 3190731510?
2, 3, 5, 106357717
List the prime factors of 53187645.
3, 5, 7, 17, 83, 359
List the prime factors of 182281713.
3, 523, 116177
What are the prime factors of 50621153?
11, 29, 89, 1783
List the prime factors of 2060428829.
457, 4508597
List the prime factors of 958146557.
15901, 60257
List the prime factors of 14160502.
2, 23, 43, 7159
List the prime factors of 25548442.
2, 79, 97, 1667
List the prime factors of 632194968.
2, 3, 26341457
What are the prime factors of 10000577?
449, 22273
List the prime factors of 134843179.
134843179
What are the prime factors of 3484913?
3484913
List the prime factors of 2283288020.
2, 5, 13, 17, 79, 503
What are the prime factors of 51549128?
2, 19, 339139
What are the prime factors of 61106039?
61106039
What are the prime factors of 392508510?
2, 3, 5, 2203, 5939
List the prime factors of 88537985.
5, 2593, 6829
What are the prime factors of 66099280?
2, 5, 13, 4889
What are the prime factors of 28474862?
2, 13, 313, 3499
List the prime factors of 3070717252.
2, 127, 233, 25943
What are the prime factors of 305436569?
17, 59, 304523
What are the prime factors of 184171327?
23, 8007449
List the prime factors of 549865646.
2, 11, 17, 23, 97, 659
List the prime factors of 938640128.
2, 19, 192977
List the prime factors of 257078002.
2, 128539001
List the prime factors of 21934438.
2, 10967219
What are the prime factors of 91158192?
2, 3, 47, 13469
What are the prime factors of 474594539?
474594539
What are the prime factors of 8878680?
2, 3, 5, 8221
List the prime factors of 149403907.
283, 527929
List the prime factors of 155366882.
2, 11, 229, 30839
List the prime factors of 23003927.
19, 367, 3299
What are the prime factors of 22277858?
2, 29, 191, 2011
What are the prime factors of 52129156?
2, 13032289
What are the prime factors of 84858262?
2, 42429131
List the prime factors of 58392609.
3, 11, 1769473
List the prime factors of 1768426.
2, 11, 31, 2593
List the prime factors of 382689976.
2, 4373, 10939
List the prime factors of 140668273.
5233, 26881
List the prime factors of 286191737.
13, 19, 23, 50377
What are the prime factors of 546049947?
3, 182016649
List the prime factors of 109165533.
3, 4483, 8117
What are the prime factors of 780390685?
5, 156078137
What are the prime factors of 955831137?
3, 17, 109, 139, 1237
List the prime factors of 60941732.
2, 53, 337, 853
What are the prime factors of 301467196?
2, 163, 462373
List the prime factors of 32914831.
647, 50873
What are the prime factors of 180196744?
2, 7, 13, 127, 1949
What are the prime factors of 441559167?
3, 7, 21026627
List the prime factors of 98342970.
2, 3, 5, 11, 59, 5051
List the prime factors of 2129565290.
2, 5, 212956529
List the prime factors of 692431210.
2, 5, 487, 142183
What are the prime factors of 142010748?
2, 3, 11, 358613
List the prime factors of 2741332968.
2, 3, 11, 3461279
What are the prime factors of 1060286759?
7, 1307, 115891
What are the prime factors of 1522757565?
3, 5, 7, 19, 1913
What are the prime factors of 278927336?
2, 29, 31, 38783
What are the prime factors of 2183393118?
2, 3, 363898853
List the prime factors of 6991837.
83, 84239
List the prime factors of 125187684.
2, 3, 10432307
What are the prime factors of 40540166?
2, 20270083
List the prime factors of 70055864.
2, 8756983
What are the prime factors of 359462957?
7, 19, 83, 32563
List the prime factors of 1971836740.
2, 5, 98591837
List the prime factors of 913088577.
3, 29, 2113, 4967
List the prime factors of 12552359.
2707, 4637
What are the prime factors of 419066769?
3, 11, 12698993
List the prime factors of 315314880.
2, 3, 5, 19, 59, 293
List the prime factors of 104718827.
17, 137, 44963
What are the prime factors of 898933883?
179, 5021977
What are the prime factors of 5808841378?
2, 41, 70839529
What are the prime factors of 118663203?
3, 47, 709, 1187
List the prime factors of 42845543.
13, 3295811
What are the prime factors of 448495495?
5, 7, 12814157
What are the prime factors of 9783157?
19, 514903
List the prime factors of 830090822.
2, 11, 617, 61153
List the prime factors of 4174563.
3, 1391521
List the prime factors of 283825340.
2, 5, 71, 199877
What are the prime factors of 20977241?
53, 157, 2521
What are the prime factors of 256262793?
3, 1009, 84659
What are the prime factors of 16707743?
13, 617, 2083
List the prime factors of 2809614683.
19, 10247, 14431
List the prime factors of 12868271.
13, 47, 21061
List the prime factors of 119665901.
47, 2546083
What are the prime factors of 45177404?
2, 1423, 7937
List the prime factors of 21028999.
1321, 15919
List the prime factors of 259163938.
2, 11, 11780179
List the prime factors of 94678184.
2, 41, 288653
List the prime factors of 2419123310.
2, 5, 59, 1747, 2347
List the prime factors of 30452623.
151, 201673
List the prime factors of 1922186710.
2, 5, 192218671
What are the 